at are the prime factors of 4308117?
3, 11, 19, 6871
List the prime factors of 1839430.
2, 5, 183943
What are the prime factors of 482245?
5, 43, 2243
What are the prime factors of 7171743?
3, 359, 6659
List the prime factors of 456847.
31, 14737
List the prime factors of 17445996.
2, 3, 67, 2411
What are the prime factors of 670175?
5, 11, 2437
List the prime factors of 786976.
2, 24593
List the prime factors of 142538.
2, 11, 19, 31
List the prime factors of 7509354.
2, 3, 491, 2549
What are the prime factors of 2403110?
2, 5, 47, 5113
What are the prime factors of 16364650?
2, 5, 137, 2389
List the prime factors of 14419176.
2, 3, 19, 103, 307
List the prime factors of 28596.
2, 3, 2383
List the prime factors of 272543.
449, 607
List the prime factors of 8305075.
5, 332203
List the prime factors of 1136307.
3, 29, 37, 353
List the prime factors of 32573382.
2, 3, 23, 193, 1223
What are the prime factors of 20416097?
13, 239, 6571
What are the prime factors of 8746224?
2, 3, 257, 709
What are the prime factors of 349850?
2, 5, 6997
What are the prime factors of 14763798?
2, 3, 7, 19, 881
List the prime factors of 2426984.
2, 7, 19, 2281
What are the prime factors of 388436?
2, 19, 269
List the prime factors of 1913597.
7, 797
List the prime factors of 16995317.
16995317
What are the prime factors of 725863?
725863
List the prime factors of 794527.
97, 8191
What are the prime factors of 5396576?
2, 168643
What are the prime factors of 666020?
2, 5, 33301
What are the prime factors of 12146229?
3, 67, 20143
What are the prime factors of 503460?
2, 3, 5, 2797
What are the prime factors of 926078?
2, 73, 6343
List the prime factors of 100554.
2, 3, 16759
What are the prime factors of 853398?
2, 3, 7, 13, 521
List the prime factors of 3340560.
2, 3, 5, 31, 449
List the prime factors of 218760.
2, 3, 5, 1823
List the prime factors of 5419285.
5, 229, 4733
List the prime factors of 64163.
11, 19, 307
What are the prime factors of 159791?
159791
What are the prime factors of 329697?
3, 12211
What are the prime factors of 6397236?
2, 3, 17, 10453
What are the prime factors of 257059?
11, 23369
What are the prime factors of 722692?
2, 79, 2287
What are the prime factors of 1031687?
541, 1907
List the prime factors of 25470414.
2, 3, 1415023
List the prime factors of 880545.
3, 5, 47, 1249
List the prime factors of 100146.
2, 3, 16691
What are the prime factors of 1612649?
1612649
What are the prime factors of 4177334?
2, 7, 29, 10289
What are the prime factors of 22784767?
919, 24793
List the prime factors of 183520.
2, 5, 31, 37
List the prime factors of 2742651.
3, 304739
What are the prime factors of 26232?
2, 3, 1093
List the prime factors of 1022753.
491, 2083
List the prime factors of 4339060.
2, 5, 11, 163
List the prime factors of 106803.
3, 11867
List the prime factors of 635132.
2, 19, 61, 137
What are the prime factors of 5271995?
5, 383, 2753
What are the prime factors of 17150346?
2, 3, 317599
What are the prime factors of 4011013?
101, 151, 263
What are the prime factors of 483212?
2, 107, 1129
What are the prime factors of 392627?
199, 1973
List the prime factors of 6577803.
3, 730867
What are the prime factors of 3124636?
2, 503, 1553
What are the prime factors of 59668?
2, 7, 2131
What are the prime factors of 1982447?
1982447
List the prime factors of 12633236.
2, 7, 11, 41017
List the prime factors of 1301765.
5, 167, 1559
What are the prime factors of 310727?
310727
List the prime factors of 373988.
2, 93497
List the prime factors of 235648.
2, 7, 263
What are the prime factors of 525880?
2, 5, 13147
What are the prime factors of 4908121?
17, 61, 4733
What are the prime factors of 2715965?
5, 7, 73, 1063
List the prime factors of 784484.
2, 23, 8527
What are the prime factors of 4392468?
2, 3, 4519
What are the prime factors of 63922?
2, 31, 1031
What are the prime factors of 7608545?
5, 7, 217387
List the prime factors of 2307355.
5, 53, 8707
What are the prime factors of 215685?
3, 5, 4793
What are the prime factors of 111902?
2, 7, 7993
What are the prime factors of 6873720?
2, 3, 5, 7, 167
What are the prime factors of 1578913?
7, 211, 1069
What are the prime factors of 33291777?
3, 11097259
List the prime factors of 2796329.
2796329
List the prime factors of 3095115.
3, 5, 206341
List the prime factors of 21632066.
2, 10816033
List the prime factors of 8601936.
2, 3, 7, 25601
What are the prime factors of 756127?
756127
List the prime factors of 7899616.
2, 43, 5741
What are the prime factors of 8518845?
3, 5, 101, 5623
List the prime factors of 1638242.
2, 313, 2617
List the prime factors of 495857.
23, 21559
What are the prime factors of 196810?
2, 5, 19681
What are the prime factors of 4732370?
2, 5, 53, 8929
What are the prime factors of 831575?
5, 29, 31, 37
What are the prime factors of 131849?
131849
List the prime factors of 2501959.
2501959
List the prime factors of 5096397.
3, 1698799
List the prime factors of 152388.
2, 3, 17, 83
What are the prime factors of 4071220?
2, 5, 251, 811
List the prime factors of 60449.
60449
List the prime factors of 919187.
331, 2777
What are the prime factors of 157187?
19, 8273
List the prime factors of 7313178.
2, 3, 823, 1481
List the prime factors of 1216578.
2, 3, 11, 18433
What are the prime factors of 324442?
2, 162221
What are the prime factors of 3355254?
2, 3, 7, 31, 859
What are the prime factors of 7724232?
2, 3, 71, 1511
What are the prime factors of 30406190?
2, 5, 107, 157, 181
List the prime factors of 286598.
2, 13, 73, 151
What are the prime factors of 1303888?
2, 227, 359
List the prime factors of 5097950.
2, 5, 11, 13, 23, 31
List the prime factors of 1539741.
3, 7, 17, 19, 227
What are the prime factors of 648075?
3, 5, 8641
What are the prime factors of 362370?
2, 3, 5, 47, 257
List the prime factors of 7013.
7013
List the prime factors of 2425040.
2, 5, 30313
What are the prime factors of 47034?
2, 3, 13, 67
List the prime factors of 1204931.
7, 13, 13241
What are the prime factors of 13448227?
13, 1034479
What are the prime factors of 4747060?
2, 5, 71, 3343
What are the prime factors of 54772?
2, 13693
List the prime factors of 24375126.
2, 3, 4062521
List the prime factors of 2054020.
2, 5, 102701
What are the prime factors of 5853054?
2, 3, 975509
What are the prime factors of 249693?
3, 83231
List the prime factors of 281455.
5, 181, 311
What are the prime factors of 7961563?
7961563
List the prime factors of 49914.
2, 3, 47, 59
List the prime factors of 10448284.
2, 7, 11, 33923
List the prime factors of 12652182.
2, 3, 17, 173, 239
What are the prime factors of 1912237?
83, 23039
List the prime factors of 3399378.
2, 3, 566563
What are the prime factors of 367278?
2, 3, 41, 1493
List the prime factors of 72195.
3, 5, 4813
What are the prime factors of 789160?
2, 5, 109, 181
What are the prime factors of 414965?
5, 149, 557
List the prime factors of 570385.
5, 114077
List the prime factors of 6962550.
2, 3, 5, 7, 19, 349
List the prime factors of 340672.
2, 5323
What are the prime factors of 28266432?
2, 3, 147221
List the prime factors of 29411567.
29411567
What are the prime factors of 8225662?
2, 59, 69709
List the prime factors of 17489141.
17, 1028773
What are the prime factors of 2254932?
2, 3, 20879
What are the prime factors of 26830?
2, 5, 2683
What are the prime factors of 201341?
7, 587
What are the prime factors of 30255675?
3, 5, 109, 3701
List the prime factors of 5516979.
3, 13, 141461
List the prime factors of 147117.
3, 19, 29, 89
What are the prime factors of 1858032?
2, 3, 11, 17, 23
List the prime factors of 148158.
2, 3, 8231
What are the prime factors of 700897?
700897
What are the prime factors of 2690257?
103, 26119
What are the prime factors of 126670?
2, 5, 53, 239
What are the prime factors of 207010?
2, 5, 127, 163
List the prime factors of 799655.
5, 159931
What are the prime factors of 200786?
2, 100393
What are the prime factors of 125326?
2, 223, 281
What are the prime factors of 30164?
2, 7541
What are the prime factors of 12066454?
2, 6033227
List the prime factors of 286178.
2, 17, 19, 443
List the prime factors of 5539798.
2, 11, 251809
List the prime factors of 747521.
747521
What are the prime factors of 1622518?
